2*z + s - 167 = -o*s, -2*z - 5*s + 177 = 0. What is the tens digit of z?
7
What is the thousands digit of (-1581)/(-68) - 23 - 101294/(-8)?
2
Let z be 2/13 + (-74)/(-26). Let o(r) = 19*r**2 - 13*r - 4. What is the tens digit of o(z)?
2
Let t(a) = -569*a + 79. Let k(v) = -1138*v + 161. Let y(q) = 3*k(q) - 7*t(q). What is the units digit of y(2)?
8
Suppose 12*m = 43993 - 3301. What is the thousands digit of m?
3
Suppose -5*i + 164*d = 163*d - 8079, 0 = -3*i - 3*d + 4851. What is the tens digit of i?
1
Let i(f) = 17*f - 9. Let p be i(3). Let q = p + -39. What is the hundreds digit of 3/1 - (110 - q)*-1?
1
Let f = 12070 + -2846. What is the tens digit of f?
2
Let n = -1467 + 2145. Suppose 0 = -8*w + 1826 + n. What is the tens digit of w?
1
Let l(u) = -4*u**2 - 35*u + 12. Let g be l(-9). What is the tens digit of (6394/(-46))/((-2 - 1)/g)?
3
Let d = 573 + 755. Suppose 7*z - d = 821. What is the units digit of z?
7
Suppose -30*u + 34*u - 60 = 0. Let m be (-20)/u - (-16)/3. What is the tens digit of (-5)/(15/m)*(-195)/13?
2
Let u(c) = -6*c**3 - 43. What is the units digit of u(-4)?
1
What is the tens digit of 40346/50 - (9 + (-3859)/425)?
0
Let v(d) = -3*d + 21. Let r be v(6). Suppose -s - r = -2*s. Suppose -257 = -3*g + 2*h, 2*h = -s*g + 3*h + 262. What is the units digit of g?
9
Let k(i) = i**2 - 4 - 24*i + 1 - 15 - 19. Let n be k(25). What is the hundreds digit of (n/5)/(5 - 2106/420)?
1
Suppose -11*a + 101971 - 7888 = 0. What is the thousands digit of a?
8
What is the thousands digit of (1358181/1155 + (-2)/10)*7?
8
Suppose h - 4*s - 6925 = -238, 4*s - 26708 = -4*h. What is the hundreds digit of h?
6
Suppose 114*m - 144 = 106*m. What is the tens digit of 0 + 2/(-9) - (-4774)/m?
6
Suppose r - 2 = 14. Let o = 380 + r. What is the hundreds digit of o?
3
Suppose -3506 = 3*a - 5*a - 2*n, a = -2*n + 1754. Let x = 2800 - a. Suppose 7*q - 15*q = -x. What is the units digit of q?
1
Suppose 0*r - s = -2*r + 13, r + 4*s - 2 = 0. Suppose 3*k + 103 = -2*l, l + 134 = -r*k + 2*k. What is the units digit of (k/(-6) + 2)*30/25?
9
Let q(b) = 131*b**2 - 4*b - 5. Let y be q(-2). What is the hundreds digit of (-62)/y - (18024/(-34) - -1)?
5
Suppose 205 = 3*k + 2*k. Let i(r) = -r**2 + 62*r - 218. What is the units digit of i(k)?
3
Let o(x) = 1063*x + 28. Let c be o(1). Let k = -511 + c. What is the tens digit of k?
8
Let r(h) = -57*h**2 - 8*h - 7. Suppose -5 = -2*w - 9. Let z be r(w). What is the units digit of (1 + 1)*(z/(-6))/1?
3
Suppose -5*p - 15 = 0, 3*p = -q + 2 - 6. Let t(x) = 7*x - 29. Let g be t(q). Suppose -g = 3*w - 9*w. What is the units digit of w?
1
Let m(g) = -4895*g - 2585. What is the tens digit of m(-5)?
9
Let k(q) = q. Let w(a) = 2*a**2 - 31*a - 18. Let z(h) = -4*k(h) - w(h). What is the tens digit of z(10)?
8
Let d = -183 + 189. What is the hundreds digit of d/45 - ((-996424)/(-120))/(-11)?
7
What is the tens digit of (0 + (6 - 7))*(-63545)/5?
0
Let j be (-9 - 65) + 3/(-1). Let o = 77 + j. Suppose o = t + 6*t - 434. What is the units digit of t?
2
Suppose 3*i + 2*y = 6, -y + 3*y + 14 = 2*i. Suppose 46 = -a + 4*a - s, 0 = -s - i. Suppose 7*q + 217 = a*q. What is the tens digit of q?
3
Let p(i) = -4*i - 12. Let o be p(-4). Suppose 904 = 8*g - o*g. Suppose -5*k = 2*z - 95, -5*z = -z - 2*k - g. What is the tens digit of z?
5
Suppose 3*b - 12 = b. What is the units digit of 14*70/(-10)*(-3)/b?
9
Suppose -5*k + 27 = 27. Suppose -3 = -3*d - x + 2, k = -4*d + x - 5. What is the units digit of (1 - -108) + (4 - d)?
3
Let y(w) = 3*w**2 - 9*w + 14. Let s(v) = -v**3 - 16*v**2 + 2*v + 22. Let t be s(-16). Let k be y(t). Suppose 0 = -6*u + 10*u - k. What is the units digit of u?
1
Let n = 14 + 0. Let h(c) = 46*c + 12. What is the tens digit of h(n)?
5
Let x(r) = -2738*r - 4111. What is the thousands digit of x(-2)?
1
Let d be (-5*40/250)/((-1)/5). Suppose 8*x - d*r - 1517 = 3*x, 0 = 5*r + 15. What is the hundreds digit of x?
3
Let x = -13354 - -17975. What is the hundreds digit of x?
6
Let h(s) = s + 9. Let z be h(-7). Let x(t) = 2*t**3 + t**2 - t + 4. Let u be x(z). Let o = 40 + u. What is the units digit of o?
2
Suppose 136*g - 76574 = 225153 + 484353. What is the tens digit of g?
8
Suppose 22 = 7*w + 4*w. Suppose w*o - 1199 = 251. What is the units digit of o?
5
Suppose 5*i = -4*p + 2112, 5*p - 2067 = -4*i + 573. Let q = p + 310. What is the tens digit of q?
3
Let n(a) = 2*a**2 + 7*a + 11. Let f be n(-10). Suppose -k + 8 + f = 0. What is the tens digit of (2 - 0 - 1) + k?
5
Suppose 3*x - 5*v = 4371 + 1696, -v = -x + 2025. What is the hundreds digit of x?
0
Let z be (-2)/9 + (-32)/(-144). Let x be ((-10)/(4/(-2)))/1. Suppose z = -4*l + 5*s + 120, -3*s = x*l - 109 - 78. What is the units digit of l?
5
Let o = -8915 + 44454. What is the ten thousands digit of o?
3
Let p(g) = 1778*g**2 - 157*g - 483. What is the hundreds digit of p(-3)?
9
Suppose -15*m + 3 = -28 + 1. Let j = -56 + 136. Suppose 26 = -m*u + j. What is the units digit of u?
7
Suppose 4*j - 4*q - 8056 = 0, 2*q + 2367 = j + 349. What is the thousands digit of j?
2
Let l = 46925 + -28993. What is the thousands digit of l?
7
Let t(f) = -40*f**3 - 7*f + 6. Let l be t(-5). Suppose -1057 + l = 4*k. What is the tens digit of 2/((-6)/k*-4)?
8
Let q(z) = -z**3 + 22*z**2 - 56*z - 16. Let w be q(19). Let j(k) = 32*k**3 + k**2 + 3*k - 14. What is the tens digit of j(w)?
6
Let a(y) = -2*y**2 - 6*y + 6. Let r be a(-6). Suppose 4*m - 261 - 343 = 4*s, 7 = -s. Let i = m - r. What is the hundreds digit of i?
1
Let s(v) = v**3 + 2*v**2 + 9*v + 7. Let p be s(-3). Suppose -4*u - 392 - 60 = 0. Let z = p - u. What is the units digit of z?
4
Let y = -323 - -323. Suppose -110 = -4*u + 5*d + 4953, 2*d - 10 = y. What is the units digit of u?
2
Let n(b) be the second derivative of b**6/60 + b**5/60 + b**4/3 + 14*b. Let o(s) be the third derivative of n(s). What is the units digit of o(7)?
6
Let r(b) = 1 + 17 - 629*b + 316*b. What is the tens digit of r(-1)?
3
What is the ten thousands digit of ((-69)/7 - (-192)/224)/(9/(-10542))?
1
Let n(v) = 7*v**2 - v + 1. Suppose 5*q - 3*w - 250 - 96 = 0, -3*q = -4*w - 212. Let o = q - 70. What is the units digit of n(o)?
1
Suppose 0 = g + 4*r - 345, -5*g + 8*r + 1725 = 9*r. Suppose -o = -342 - g. What is the hundreds digit of o?
6
Let j(m) = -m**3 + 13*m**2 + 16*m - 24. Let r be j(14). Let k(w) = 455*w - 99. What is the hundreds digit of k(r)?
7
Suppose 0 = -5*z - w + 225, 2*w = -3*z + w + 137. What is the hundreds digit of 16/(((-5)/(-47))/(110/z))?
3
Let k = 393 - 189. Let i = 925 - k. What is the units digit of i?
1
Suppose 4745 = 9*r - 4*r. Let a = r + -651. Suppose n - 114 = 4*q, 3*n - q + 0*q = a. What is the tens digit of n?
9
Let x = 444 + -442. Suppose 3*u - 1434 = -x*k, k = -0*u - 5*u + 731. What is the units digit of k?
1
Let r(y) = -1 - 1 - 17 - 5*y - 4. Let k be r(-5). Suppose 0*u - 166 = -k*u. What is the units digit of u?
3
Suppose 2*c = 24*c - 132. What is the tens digit of (-10 - c/(-3)) + 665?
5
Let f = -1054 + 4908. What is the tens digit of f?
5
Let q(j) = j - 16. Let g be q(-4). Let t be (-30)/(-2*(-3)/g). Suppose 11*v + t = 12*v. What is the hundreds digit of v?
1
Let w(p) = 2021*p + 3846. What is the ten thousands digit of w(11)?
2
Suppose 12*y - 46 = -22. What is the tens digit of ((2 - -5)/1)/(y/148)?
1
What is the tens digit of (24/9)/(1511540/(-151155) - 0 - -10)?
0
Suppose -5*r - 15 - 68 = 3*a, -a - 21 = -5*r. What is the units digit of (-2977)/a*((1 - 1) + 4)?
8
Suppose -8 = 5*a + 4*r, -10*a = -5*a + 3*r + 6. Suppose 52*l - 49*l - 3249 = a. What is the units digit of l?
3
Let h be (-1 + 4 + -3)*(-1)/1. Suppose 0 = -h*l + l - 1075. What is the hundreds digit of l?
0
Let b(z) = 141*z - 156. Let u(y) = 5. Let x(l) = b(l) - 6*u(l). What is the hundreds digit of x(7)?
8
Let q(j) = -3*j**2 - 220*j - 552. What is the hundreds digit of q(-62)?
5
Let g(f) = 139*f - 147 + 167*f - 233*f. What is the tens digit of g(8)?
3
Suppose 4*o + 2*m = 4, m - 2 + 6 = 0. Suppose 0 = 4*i - o*s + 2*s - 14, -i - 5*s = -14. Suppose -43 = -2*y - g, -4 = i*g - 0*g. What is the units digit of y?
2
Let p be (-166)/(-4)*(4 + -8 - -6). Let z = 121 - 74. Let k = p + z. What is the hundreds digit of k?
1
Suppose -11*r + 10*r + 10 = 0. Let o(k) = 241*k - 1. Let z be o(5). Suppose 3*l - r*l + z